+ 1 + -2 + -3 + 6
-15
-18 + -32 + 7 + 48
5
-1 - (3 + -4 + 3 - -4)
-7
Evaluate 0 + -16 - (0 + -11 + 22 + -17).
-10
-37 + -32 + 7 + 31
-31
What is 9 + 2 + -2 + (27 - 32)?
4
Evaluate 1 + -8 + (8 - 9) + 5 - -15.
12
Calculate 12 + -18 - (-6 + 4 + -8).
4
What is (-3 - 9) + 12 + (-3 - 1) + -3?
-7
What is the value of 42 - (0 - (-1 - -1) - (126 - 128))?
40
What is (-10 - (-3 - 10)) + -4?
-1
What is the value of 5 + -10 + (-2 + 0 - (-8 - 13))?
14
What is (2 - 0 - 3) + (0 - 9)?
-10
What is the value of 21 + (-7 - -3) - (5 + -4)?
16
14 - (5 - -5) - 17
-13
What is the value of 4 + (-14 - -9 - 3 - 2)?
-6
Calculate (-6 - (1 - 0)) + (67 - (25 + 35)).
0
What is (-5 + -13 - 0) + 24?
6
What is 0 + 4 - (-306 + 307)?
3
Evaluate 3 + (7 - 8) - (-5 + -1).
8
What is the value of -7 - (18 + -24 + -1)?
0
Evaluate 12 + -29 - (6 + 3 + 2).
-28
Calculate 170 + -170 + 16 + 1.
17
0 - (-7 - (9 - (13 + 2)))
1
Evaluate (13 - (10 - -5)) + (-3 - (-3 - -10)).
-12
(2 - -1) + (-78 - -62) + 5
-8
What is (-7 - (-6 - 0) - -1) + -3 - -5?
2
Evaluate 17 + (-32 + 16 - 0).
1
What is 26 - (-38 + 21 + 69)?
-26
What is (-1 - -11) + 10 + (0 - 11) + -6?
3
Evaluate 3 - ((3 - 12) + 20).
-8
Calculate 5 + -3 + (-1 - 10) + -2.
-11
Calculate -13 + 6 - -3 - (7 + -3 + -12).
4
What is the value of -1 + 2 + (-14 - (2 - 23 - -3))?
5
What is 33 + 34 + -34 + -11?
22
What is the value of -1 + 0 + -4 + (-7 - -8) - -12?
8
Calculate (-14 - -17) + 4 + -1 + -36.
-30
What is (0 - -2 - -3) + (-15 - -1) + 12?
3
Evaluate -13 + -7 + 30 + -13.
-3
Evaluate (-24 - -5) + 23 + -15 + (-3 - -1).
-13
What is 8 - (12 - (5 - (-1 + -3 + 1)))?
4
What is (16 - (6 - -12)) + -1?
-3
What is 424 - 393 - (26 + 0)?
5
Evaluate -3 + 15 + -3 + -133 + 128 - -2.
6
What is the value of (20 - 10) + (17 - 10)?
17
0 + -1 + -1 - (-156 - -119 - -11)
24
What is the value of 8 + (15 - 16) - -1?
8
What is (1 - (1 + -1 + -3) - -2) + 0?
6
Evaluate -31 + 39 + -52 + 72.
28
What is -6 + (-3 - (-14 - -6)) - (-10 + 13)?
-4
What is the value of (-526 - -541) + (-2 + 6 - -2)?
21
What is -3 + -6 + 1 + 3 + 0 + 14?
9
Evaluate 2 + -60 - (211 - 233).
-36
Evaluate 21 - (11 + 4 + -2 - (83 + -76)).
15
What is the value of 3 + -5 + 1 - (-8 - -17)?
-10
What is the value of 11 - (-6 - (8 - (-11 - -11) - 12))?
13
Evaluate 6 + (0 - -13 - 6) + -15 - -4.
2
Calculate 1 + -8 + -208 + 218 + -21 + -2.
-20
-10 - (-24 - -17) - (-9 + 0)
6
What is the value of 7 - ((-31 + 14 - -21) + -28)?
31
Evaluate 17 - (3 - (11 + -30)).
-5
Evaluate 8 - (-14 + (3 - -10 - 7 - 3)).
19
What is the value of -5 + (12 - 7) + 13?
13
What is 11 - (-15 + 12 + 23)?
-9
5 + 19 + -19 - (6 + -3 + -7)
9
What is the value of 41 + (-14 - 88 - -29)?
-32
What is the value of -5 + -44 - -61 - (0 + -6)?
18
Evaluate (-4 - (-1 + 5)) + 24 + -7.
9
What is (21 - -1) + -3 + -7 + 0?
12
1 - 1 - (2 + 0) - (-3243 - -3238)
3
What is -18 + -16 + 41 - 1 - -14?
20
Evaluate (-3 - (-3 + -14)) + 9 + -12.
11
1 + 23 + (49 - (64 + -22))
31
Calculate (-10 + 5 - 5) + 36 + -12 + -43.
-29
Calculate 13 + 12 + (13 - 23) + -13.
2
Calculate (-3 + -7 - -6) + 13.
9
-5 + (12 + -5 + 6 - (6 + -1))
3
Evaluate (342 - 349) + (2 - 0) + 2.
-3
What is (2 - (1 - -1) - (162 + -169)) + 2?
9
Calculate (-5 - (4 + 6 - 16)) + -2 + 2.
1
(-14 - (-5 - 0) - -6) + -16 + 12
-7
What is the value of -23 - (-91 + 76 - (1 + -10))?
-17
Evaluate 2 + (-8 - 6) - 22 - -13.
-21
Calculate -1 + 2 + -2 + -17 + (6 - -3).
-9
What is the value of -49 - (-78 + 6 + 37)?
-14
Evaluate 3 + (-10 - 3) + -5.
-15
Calculate 0 + -2 + -3 + (-8 - (2 - 16)).
1
What is (-27 - -9) + (1 - (6 + -1))?
-22
Calculate -4 + -26 + 5 + 18 + 5 + -16.
-18
-3 - ((3 - 4) + -5 + 1 + 5)
-3
What is (-2 + 1 - 5) + (-15 - (2 - 24))?
1
What is -21 - (7 - (3 - -20 - 9))?
-14
Evaluate -1 + -26 + -1252 + 1261.
-18
What is -7 - (-56 + 69 + -30 + 1)?
9
What is the value of 8 - ((-23 - -13) + 14)?
4
What is -11 - (-7 - (-24 + 32))?
4
What is 4 - 13 - (-13 - 12)?
16
What is -5 + (-34 - (7 - 32))?
-14
Evaluate (0 - (-1 - 3)) + -18 + (34 - 12).
8
What is the value of 1382 - 1388 - ((0 - -2 - -8) + -2)?
-14
What is -11 + (-12 - -25) + -1 + 13?
14
Evaluate -1 - -23 - (-5 + (-9 - -2) + 13).
21
Calculate -8 + (-3 + (3 - 0) - -2).
-6
Evaluate (4 + -3 + 9 - (-16 + 20)) + 3.
9
What is the value of 26 - (-17 + -8 + 28)?
23
What is the value of -19 + 4 + (75 - 57)?
3
Evaluate -24 - (37 + -37 + -1).
-23
What is 2 - (0 - -13) - (-11 + 7 + 3)?
-10
Calculate (5 - (-3 + 0 + 4)) + 82 + -94.
-8
Evaluate 9 + -6 + 14 + -6 + 5.
16
What is the value of 1 - ((-5 - -5) + -6) - 12?
-5
What is 15 + (2 - 26) - (-34 + 3 + 0)?
22
Calculate -1 - -17 - 20 - -4.
0
Calculate -3 - -5 - (-19 + (6 - -17)).
-2
What is (-5 - 5) + 5 + 2 + -5?
-8
(-3 - -2) + (-1 - 4) + 25 + -19
0
What is 8 + -25 - (-33 + 7)?
9
(-2 - 1) + -1 + 1 + (92 - 87)
2
Evaluate 12 + 2 + -1 - (22 - (5 - -13)).
9
What is 1 - (10 - -24 - (17 + -2))?
-18
What is (8 - (-21 + 11 + 13 - -2)) + -9?
-6
Calculate (-6 - 1) + -6 - -14.
1
What is the value of -2 - ((1 - -5 - 7) + 2)?
-3
-1314 + 1276 - (-39 + 1)
0
Calculate 12 - (18 + (-6 - 4) - 14).
18
What is -81 + 67 - (-1 + 2) - -23?
8
(0 - 10) + -2 - -20
8
What is the value of -1 + 1 + -1 - (650 - 654)?
3
Calculate -28 - -54 - 50 - -6.
-18
(22 - 0) + (-22 - -1) + (-98 - -115)
18
-5 + 4 + -3 - (-3 - (13 - 12))
0
-16 + (-5 - -3) - -6
-12
Calculate -1 + -1 + -4 + 24 + -15 - -9.
12
Calculate 74 + -65 + (16 - 2).
23
Calculate (-3 - -10) + 6 - 16.
-3
Evaluate 7 + -5 + -7 + 2 + (-5 - 1).
-9
Calculate 13 + -19 + 5 + -5 + 9.
3
Evaluate (14 + 1 - 25) + 13.
3
Evaluate 14 - 6 - 11 - (-3 + 2 + 7).
-9
(26 - 21) + (0 - 7 - -3)
1
What is the value of 4 - 4 - (-21 - -41)?
-20
Evaluate 7 + 2 + -4 + 2 - (-191 + 192).
6
What is the value of (-16 - (-8 + -6)) + -5?
-7
Evaluate (-3 - -4) + 4 - (3 + (-2 - 1)).
5
Evaluate 1 + -11 + (-12 - -6 - -12) + -3.
-7
What is 1 - -8 - ((4 - (6 + -5)) + -13)?
19
Calculate ((6 - 3) + -1 + -3 - -7) + -15.
-9
What is the value of -28 - (21 - (76 + -18))?
9
Evaluate (2 - 6 - -12) + -8 + (6 - 1).
5
Calculate -11 + 2 + (32 - -10 - 21).
12
Calculate -1 + (1 + 0 - (51 - 43)) - 0.
-8
2 + (-24 - (23 - 48))
3
-22 - (19 + -59 - -9)
9
(60 - (-3 - -72)) + 3 + 2 + 12
8
Calculate 7 + (-4 - (-7 - 0) - -13).
23
Calculate -8 + 20 + -12 + 6.
6
1 + 0 + 16 + 4696 + -4703
10
Evaluate 8 + (12 - 21) + -4.
-5
Calculate 35 + -40 + (1 - -20).
16
What is -16 + 18 + -9 + -2?
-9
Evaluate 14 + 8 + -6 + -10.
6
What is (3 - (-3 - -2 - -1)) + 22?
25
Calculate (-2 - 1) + -42 + 53.
8
Evaluate 18 + -48 + 14 + 4 + 34.
22
Evaluate -24 + -2 + (-714 - -715).
-25
Calculate -68 + 30 + 29 - (5 - (1 + -3)).
-16
10 + 0 + -9 + (-1 - 6)
-6
What is -6 - ((-26 - (14 - 45)) + (-40 - 1))?
30
Evaluate (-1 + 0 - (-1 + 0)) + 79 + -47.
32
Calculate -3 - 39 - (-234 + 199).
-7
What is the value of (0 - (0 - 0) - 1) + (13 - 12)?
0
What is the value of -6 + 15 + -155 + 162?
16
(6 + -9 - -6) + -9 + 2
-4
5 + -10 + 1 + -9 + 7 + 8
2
What is (11 - (12 + -4 + -2)) + (1 - -7)?
13
3 + -2 + -1 + -5 + -7 + 4
-8
What is the value of (-6 - -14 - 14) + -1 + (1 - -38)?
32
Evaluate 4 - (-5 - -9) - (-32 - (11 - 29)).
14
9 + (-12 - (-7 + 2) - 13)
-11
Evaluate -3 + (-9 - (6 - 21)) - -5.
8
What is the value of -5 - (2 + -1) - ((11 - 13) + -3)?
-1
Calculate (35 - (2 - -17)) + -1 + -5 - -8.
18
What is the value of 1 + -9 + (1 - -7) + -1?
-1
What is the value of 0 + (-5 - 21 - -15 - (-4 - -1))?
-8
What is the value of -2 - (-15 - -12 - -9)?
-8
Calculate 29 + (-16 - 3 - 34).
-24
What is (-30 - 0) + -76 + 115 - (10 + 1)?
-2
Evaluate (2 - 3 - 4) + (-16 + 36 - 2).
13
-30 - (-8 - -21 - 29)
-14
What is -19 + 7 - (7 + -14 + 10)?
-15
What is the value of -2 - (32 + (-5 - 4) + -4)?
-21
3 + (3 - (0 - -1))
5
-5 + 41 - 1 - (5 - (-9 + 2))
23
90 - 88 - (1 - (7 - 0))
8
Evaluate (2 + -6 - 11) + 2 + 1.
-12
What is the value of -3 + (1 - 8) - -12?
2
What is the value of -1 + -21 + (134 + -95 - 36)?
-19
15 - (-16 - (-36 - -23))
18
Evaluate 1 + (-12 - (-7 - -4) - -10).
2
What is the value of 2 + 1 - (7 + (-13 - -10))?
-1
What is -5 + 11 + 8 + -11?
3
Evaluate -3 + -3 - (-5 + 0 + -4 + -3).
6
-1 - ((2 - -2 - -6) + -6 + -6)
1
Calculate -5 + (-3 - ((9 - 6) + -3) - -6).
-2
What is the value of -50 - -62 - (-5 - -3 - 0)?
14
What is the value of 15 - (-29 - (-5 + -5 + 1))?
35
What is 5 - 5 - (-10 + -2 + 9)?
3
What is (3 - 6) + 1 - (-10 + 2